n divisor of 118 and 2.
2
Calculate the greatest common factor of 380 and 40.
20
What is the greatest common divisor of 102 and 12?
6
What is the greatest common factor of 1816 and 16?
8
Calculate the highest common divisor of 40 and 920.
40
Calculate the highest common factor of 20 and 34600.
20
What is the greatest common factor of 120 and 696?
24
Calculate the highest common divisor of 598 and 234.
26
What is the highest common factor of 85 and 5015?
85
Calculate the greatest common factor of 38 and 57.
19
What is the highest common divisor of 934 and 2?
2
Calculate the greatest common factor of 1760 and 1120.
160
Calculate the highest common factor of 9 and 387.
9
Calculate the greatest common factor of 299 and 91.
13
What is the highest common factor of 8 and 1944?
8
Calculate the greatest common divisor of 904 and 264.
8
Calculate the highest common factor of 481 and 91.
13
What is the greatest common factor of 585 and 2025?
45
Calculate the highest common factor of 68 and 51.
17
Calculate the greatest common divisor of 138 and 2898.
138
What is the greatest common divisor of 147 and 126?
21
Calculate the highest common factor of 2596 and 1652.
236
What is the highest common divisor of 26 and 494?
26
What is the highest common divisor of 658 and 2726?
94
What is the highest common factor of 305 and 175?
5
Calculate the highest common divisor of 218 and 2071.
109
What is the highest common divisor of 512 and 320?
64
Calculate the greatest common factor of 90 and 288.
18
What is the highest common factor of 150 and 24075?
75
What is the highest common divisor of 104 and 9334?
26
What is the greatest common divisor of 60 and 576?
12
What is the highest common factor of 29 and 783?
29
What is the greatest common factor of 390 and 138?
6
What is the greatest common divisor of 476 and 3196?
68
Calculate the greatest common factor of 560 and 6860.
140
Calculate the highest common factor of 7 and 14.
7
What is the highest common factor of 1332 and 36?
36
What is the highest common divisor of 1292 and 1496?
68
Calculate the highest common factor of 1 and 107.
1
What is the highest common divisor of 1413 and 785?
157
Calculate the greatest common divisor of 147 and 392.
49
Calculate the greatest common factor of 268 and 4154.
134
Calculate the highest common factor of 8100 and 8.
4
Calculate the greatest common factor of 245 and 343.
49
Calculate the highest common divisor of 50628 and 12.
12
Calculate the highest common divisor of 36 and 234.
18
What is the highest common factor of 306 and 17?
17
Calculate the greatest common factor of 95 and 38.
19
What is the greatest common divisor of 876 and 12?
12
What is the greatest common divisor of 26 and 6058?
26
What is the greatest common divisor of 308 and 8?
4
Calculate the highest common divisor of 17 and 272.
17
Calculate the greatest common divisor of 5 and 150.
5
Calculate the greatest common divisor of 86 and 1376.
86
What is the highest common factor of 71 and 4189?
71
Calculate the highest common factor of 182 and 504.
14
What is the greatest common divisor of 135 and 240?
15
Calculate the highest common divisor of 15 and 690.
15
Calculate the greatest common divisor of 7504 and 336.
112
Calculate the highest common factor of 85 and 221.
17
What is the greatest common divisor of 46 and 3634?
46
What is the highest common factor of 2106 and 52?
26
What is the greatest common factor of 460 and 92?
92
Calculate the highest common divisor of 1130 and 20.
10
Calculate the greatest common factor of 15 and 105.
15
Calculate the highest common factor of 32 and 288.
32
Calculate the greatest common divisor of 294 and 4.
2
What is the highest common divisor of 696 and 264?
24
Calculate the greatest common divisor of 116 and 145.
29
Calculate the greatest common factor of 22 and 506.
22
Calculate the greatest common factor of 21 and 96.
3
What is the highest common divisor of 1250 and 650?
50
Calculate the highest common factor of 1280 and 20.
20
What is the greatest common divisor of 226 and 113?
113
What is the greatest common divisor of 12 and 50?
2
What is the highest common factor of 69 and 115?
23
What is the greatest common factor of 5 and 565?
5
What is the highest common factor of 784 and 448?
112
What is the highest common divisor of 17 and 2448?
17
Calculate the greatest common divisor of 165 and 275.
55
Calculate the highest common factor of 207 and 9.
9
What is the highest common factor of 4472 and 40?
8
What is the highest common divisor of 9338 and 2254?
322
What is the greatest common divisor of 108 and 378?
54
What is the highest common divisor of 414 and 1633?
23
What is the highest common factor of 23634 and 39?
39
What is the highest common factor of 109 and 2725?
109
What is the highest common divisor of 46 and 2898?
46
Calculate the greatest common divisor of 1164 and 96.
12
Calculate the greatest common divisor of 333 and 1443.
111
Calculate the highest common divisor of 455 and 1855.
35
What is the highest common factor of 5336 and 230?
46
What is the highest common divisor of 20 and 2180?
20
What is the highest common factor of 54 and 24?
6
What is the greatest common divisor of 51 and 238?
17
What is the greatest common factor of 30 and 1920?
30
What is the greatest common divisor of 32 and 24?
8
Calculate the greatest common factor of 6946 and 46.
46
Calculate the highest common factor of 90 and 760.
10
What is the greatest common factor of 238 and 2702?
14
Calculate the highest common factor of 144 and 6.
6
What is the highest common divisor of 675 and 300?
75
Calculate the greatest common divisor of 621 and 69.
69
What is the greatest common divisor of 1225 and 800?
25
What is the greatest common factor of 1456 and 28?
28
What is the highest common factor of 8 and 344?
8
Calculate the greatest common divisor of 120 and 75.
15
Calculate the greatest common divisor of 2970 and 10.
10
Calculate the greatest common divisor of 540 and 9810.
90
Calculate the greatest common factor of 40 and 500.
20
What is the highest common divisor of 262 and 41265?
131
What is the highest common factor of 2525 and 303?
101
Calculate the highest common divisor of 28 and 52.
4
What is the greatest common factor of 188 and 3854?
94
What is the greatest common divisor of 737 and 33?
11
What is the highest common divisor of 52 and 1105?
13
Calculate the highest common factor of 6 and 48.
6
Calculate the highest common factor of 84 and 273.
21
What is the highest common divisor of 60 and 108?
12
What is the highest common divisor of 5152 and 504?
56
Calculate the greatest common divisor of 26 and 702.
26
What is the highest common divisor of 703 and 74?
37
Calculate the highest common factor of 85593 and 309.
309
Calculate the greatest common divisor of 44 and 1188.
44
Calculate the greatest common divisor of 62 and 66278.
62
What is the greatest common divisor of 65 and 1885?
65
What is the greatest common factor of 608 and 646?
38
Calculate the greatest common factor of 3 and 4341.
3
Calculate the greatest common factor of 312 and 39.
39
What is the highest common factor of 27 and 675?
27
Calculate the highest common divisor of 141 and 517.
47
What is the highest common divisor of 865 and 519?
173
What is the greatest common divisor of 726 and 132?
66
Calculate the greatest common divisor of 13 and 97487.
13
What is the greatest common factor of 45 and 3880?
5
What is the greatest common divisor of 44 and 539?
11
What is the highest common factor of 3865 and 5?
5
What is the highest common divisor of 280 and 1288?
56
Calculate the greatest common factor of 97 and 4171.
97
Calculate the highest common divisor of 110 and 2255.
55
What is the greatest common factor of 34 and 1139?
17
What is the greatest common divisor of 107392 and 128?
128
What is the highest common divisor of 6545 and 238?
119
What is the greatest common divisor of 902 and 2173?
41
Calculate the greatest common divisor of 170 and 470.
10
What is the highest common factor of 1802 and 34?
34
What is the highest common divisor of 182 and 988?
26
What is the highest common divisor of 12 and 276?
12
What is the highest common factor of 94 and 6?
2
Calculate the greatest common divisor of 65490 and 370.
370
Calculate the highest comm